pose -f - 8 = -6. Let x be (-3556)/(-6) + f/(-6). Suppose -373 - x = -6*u. Is u a prime number?
False
Suppose -4*s + 2*u - 4*u = -44, -2*u = -4*s + 60. Let v(w) = -w**2 + 12*w + 9. Let g be v(s). Is g - (6/2 - 212) prime?
False
Let r(m) be the first derivative of -30*m**2 - 11*m - 522. Let y be (-4)/6 - (-86)/(-6). Is r(y) prime?
False
Let y = 28 + 127. Let n = y - 37. Is n composite?
True
Suppose 11 - 41 = -5*l. Let r be -25 + 3/(-6)*l. Is 14/r + (-86)/(-4) composite?
True
Let d(l) = -14*l**3 - 12*l**2 + l - 7. Suppose 4*t - 4*o + 6 = 2, 2*t = -4*o - 32. Is d(t) prime?
True
Let q be (-12)/66 + (-18)/22. Is q + (-1 + 3 - -84) composite?
True
Let c(w) = 11*w**2 + 3*w + 5. Is c(-16) prime?
False
Is 160/(-6)*-183 + -9 a prime number?
True
Let n(s) = -4*s - 3. Let i be n(-2). Let d(q) = -q**3 + 4*q**2 + 7*q - 7. Let o be d(i). Suppose -388 = -o*y - y. Is y a prime number?
True
Suppose -55393 = -3*v - 18562. Is v composite?
False
Let c(z) = z**3 - z**2 - 1. Let h be (1 - (-4 - 2))*1. Is c(h) prime?
True
Let d be 1/(-3) + (7 - (-15220)/(-6)). Let t = -1307 - d. Is t a composite number?
False
Suppose -k - 78 = -2*k. Suppose -3*d = -4*z - 69, 5*d = -8*z + 7*z. Is (z + 1)/((-12)/k) a prime number?
False
Let n(u) = -3*u**3 - u**2 + 5*u + 5. Let r be 6*(-2 + 1)*1. Is n(r) composite?
False
Let i(k) be the first derivative of -71*k**2/2 + 2*k + 11. Is i(-7) a composite number?
False
Let x(j) = 135*j - 247. Is x(30) a prime number?
True
Suppose 8*j = -8*j + 71696. Is j a composite number?
False
Suppose 0 = -69*w + 3159772 + 1381049. Is w a composite number?
False
Let y = 4331 - 2232. Is y a composite number?
False
Let p(r) = r**3 + 19*r**2 - r - 35. Let k = -73 - -55. Is p(k) a composite number?
False
Let l(j) = 7 - 7 + 1 - 2 + 98*j. Let v = -3 - -6. Is l(v) prime?
True
Suppose 45*k = 40*k + 1770. Let v = 211 - 416. Let r = v + k. Is r a composite number?
False
Let s(m) = 63*m**3 - 10*m**2 - 48*m + 14. Is s(11) prime?
True
Suppose -5*q - i + 36264 = 0, -4*i - 16021 = -4*q + 12995. Is q composite?
False
Suppose 3*n - 96 = m - n, -n - 353 = 3*m. Let k = m - -59. Let u = k - -215. Is u a composite number?
True
Suppose 30 = -2*r + 7*r. Let a be (r/2 - 7)/(-2). Suppose 0*u + 254 = a*u. Is u a composite number?
False
Is 74/(-370) - 22032/(-10) composite?
False
Suppose -1 = -2*s + 5. Is s/9 - (1167/(-9) - 3) prime?
False
Let h be 6/(-18)*3*-3. Let w(y) = h*y**2 - y - 4 + 3 + y + 2*y. Is w(4) a composite number?
True
Let q = 1885 + 106458. Is q prime?
True
Let l be 2/(-8) - (-42)/8. Let g = 5 - l. Suppose g = -i - 0*i + 139. Is i prime?
True
Suppose -1350 = -5*c + 5*z, 4*c + 250 = 5*c - 5*z. Suppose 4*i - 541 = c. Let n = i + 49. Is n a prime number?
False
Let u(b) = 533*b**2 - 7*b + 7. Is u(3) a prime number?
True
Let q(y) = 97*y - 2 + 105*y + 3. Suppose -4*j = -3*l - 6 + 21, j - 1 = -4*l. Is q(l) prime?
False
Suppose -l = o - 276, -3*l - 4*o = 223 - 1050. Let q = l - 20. Is q composite?
False
Let g(f) = 16*f - 1. Let k(b) = b**3 - 2*b**2 - 2*b + 3. Let c = -5 + 8. Let w be k(c). Is g(w) composite?
True
Suppose -4*f + 3 = 7. Let t be (-214*(-1 - -3))/f. Suppose -50 = -2*i + t. Is i a composite number?
False
Let d = 10211 - -31250. Is d a prime number?
False
Let x(b) = 29*b**2 + 50*b - 3 - 6 - 1. Let l(m) = -10*m**2 - 17*m + 3. Let f(h) = 11*l(h) + 4*x(h). Is f(-6) prime?
True
Suppose -6*j + 31 = 571. Let f(y) = 31*y + 5. Let w be f(8). Let q = j + w. Is q a prime number?
True
Let o be 6/(12/10) + 0. Suppose 5*k + 2*f - 2697 = 0, -k + o*f = 2*k - 1643. Is k composite?
False
Is (-11010)/(-14) - (-5 - (-186)/42) composite?
False
Suppose -5*o = -5*k + 12451 + 18144, 4*o + 6107 = k. Let c = k - 1870. Is c prime?
True
Let j(h) be the first derivative of -3*h**5/10 + h**4/12 + h**3/2 + h**2/2 + 2*h - 2. Let z(l) be the first derivative of j(l). Is z(-3) a prime number?
True
Suppose -y - 2 = 2*c + c, 4*y - 22 = 3*c. Let r(t) = 72*t - y + 4 + 66*t + 1. Is r(1) a prime number?
True
Suppose 17*a + 55554 - 178158 = 0. Suppose 3 = 3*d, 2*d + a = -0*r + 2*r. Is r a prime number?
True
Suppose i - 6192 = 79. Is i composite?
False
Suppose y = 5*m + 5, 0 = 2*y - 2*m - 1 - 1. Suppose r = 5*v + 4842, y = -r + v + 3*v + 4847. Is r composite?
True
Suppose 4*o - 8*o + 8 = 0. Suppose o*z - 171 = 55. Is z prime?
True
Suppose -4*r + 3*i + 18 = 0, -4*r - 2*i = -7*i - 22. Suppose -5*m + n = -475, r*m + n = 2*n + 287. Is m/3 + 4/(-12) a prime number?
True
Let y be 0*(-1)/2 + 0. Let r = y + 6. Is (-2)/(-4) - (-3807)/r a composite number?
True
Let y(u) = -u + 1. Let b = 0 + -4. Let m be y(b). Suppose m*n - 17 = 18. Is n composite?
False
Suppose -24*a + 19*a + 32760 = 0. Suppose -4*z = -380 - a. Is z prime?
True
Let g(d) = d**2 + 7*d - 10. Let k be g(-5). Let z = -18 - k. Suppose 565 = 7*n - z*n. Is n a prime number?
True
Suppose -4*a - 4*q = -71136, a + 37*q = 41*q + 17779. Is a prime?
True
Let a(o) = 24*o**3 - 18*o**2 + 27*o + 4. Is a(9) prime?
False
Let q = 26 + -26. Suppose q = -v - v + 1106. Is v prime?
False
Let m(y) = y**3 + 26*y**2 + 3*y + 13. Suppose -26 = -10*x + 12*x. Is m(x) a composite number?
True
Suppose 2*u + 6 = 0, -3*b + 5*u = 302 - 7856. Is b a composite number?
True
Let m be 12411/(-4) + 1/(-4)*-3. Let a = m - -5623. Is a a composite number?
False
Let c = 92 + -88. Suppose 2425 = c*v - 1059. Is v composite?
True
Is (33058/(-4))/((-26)/52) prime?
True
Let b = 17 - 26. Let p be (-44)/6 - b/27. Is ((-3518)/8)/(p/28) a composite number?
False
Suppose 20387 = 4*w - 6569. Is w a composite number?
True
Let t = -292 + 647. Suppose -3*b + 2*g + t = 103, 6 = 2*g. Is b prime?
False
Let j(g) = -3*g**3 - 26*g**2 - 36*g - 11. Is j(-24) a prime number?
False
Suppose 5*o - 11*o + 103254 = 0. Is o composite?
False
Is 30/15*-2*27622/(-8) a composite number?
True
Suppose -4*v = -p - 56570, -5*v - 10*p = -11*p - 70713. Is v a prime number?
True
Suppose -71637 - 6406 = -7*z. Is z a prime number?
True
Suppose -7*k = w - 3*k - 227, 4*k = 2*w - 406. Is w prime?
True
Let m = -16 - -20. Suppose m*w - 7 = 3*w. Let d = 24 + w. Is d prime?
True
Is 23676/40*5*2/3 prime?
True
Is 1 - -2 - (-10 + -9598) prime?
False
Let g = -994 + 2075. Is g prime?
False
Let x = 8 + -2. Suppose x = 5*j - 19. Suppose -j*l + 4*l + 111 = 0. Is l a prime number?
False
Suppose 2*k - 41 = -h, -5*h + 3*k = 19 - 159. Let b = 140 - h. Suppose y = -2*n - 3*n + 158, 4*n - 5*y = b. Is n composite?
False
Suppose -3 = 4*s - 11. Suppose -s*y - 1948 = 2*y - 5*g, 0 = -2*g - 8. Let m = 799 + y. Is m a prime number?
True
Suppose 4*s = -12 - 4. Let b(m) = 0*m**2 + 0*m**2 + m**2 - m - 5 - m. Is b(s) composite?
False
Suppose 20*q - q - 16169 = 0. Let t = -564 + q. Is t a prime number?
False
Let n = 631 + 310. Is n composite?
False
Let p(u) = 2*u - 9. Let f be p(6). Suppose 0 = -f*m - 3*m + 2514. Is m prime?
True
Suppose 5*g + 5*f + 2914 = -666, -4*g - f = 2876. Let p(o) = 2*o**3 - 15*o**2 + 3*o + 19. Let x be p(12). Let i = x + g. Is i composite?
False
Let v be 2 + 182*4/8. Is (18/(-45))/(2/v)*-5 prime?
False
Let o(l) = 3*l**2 + l - 4. Let p be o(-2). Suppose p*a - 2055 = 3*a. Is a a prime number?
False
Let c be 4/(-18) - (-25750)/45. Let d = c + -299. Suppose -275 = -3*m + 4*r, -m + 4*m - 3*r = d. Is m a prime number?
True
Suppose 0 = -t - 2*t + 6492. Let m = -3415 + t. Is (-6)/15 + m/(-15) prime?
True
Let r(b) = 22*b - 8*b + 17*b + 9 + 19. Is r(6) prime?
False
Let y(i) = -i**2 + 8*i + 1154. Is y(0) prime?
False
Let l = -4513 - -7436. Is l prime?
False
Suppose c + 92 = 5*w + 25, 0 = -3*w + c + 39. Suppose -3*a + 5*v + 20 = 0, 15 + w = 5*a - 4*v. Suppose -n = 7*q - 3*q - 356, 445 = a*q + 5*n. Is q prime?
True
Suppose -3*y + y + 28 = 5*j, 4*y + 5*j = 56. Is (7/y)/(1/166) composite?
False
Let j(z) = z**3 - z. Suppose f = -w - 2*w - 14, -16 = -f + 3*w. Let g(v) = 64*v**3 + 3*v**2 - 6*v + 3. Let h(m) = f*g(m) - 4*j(m). Is h(2) composite?
False
Let d be 3/(-24) + 9/72. Suppose d = -6*y + 2235 - 489. Is y prime?
False
Suppose 12*v - 12 = 9*v. Suppose 3*x = x - 3*n + 122, -v*x - 2*n = -260. Is x a composite number?
False
Let u(k) = -2*k**3 - 6*k**2 - 3*k - 8. Let o be u(-4). Is (-13783)/(-3) + o/54 a composite number?
True
Let q(o) = 2*o**3 - 3*o**2 - 3. Let j(p) = 5*p**3 - 10*p**2 - p - 9. Let z(d) = -3*j(d) + 8*q(d). Let y = -37 - -32. Is z(y) a 